ds digit of 1949928?
9
What is the hundreds digit of 17498195?
1
What is the hundreds digit of 204031?
0
What is the hundred thousands digit of 163578?
1
What is the hundreds digit of 240209?
2
What is the tens digit of 13695386?
8
What is the hundred thousands digit of 1006601?
0
What is the ten thousands digit of 1698232?
9
What is the hundreds digit of 128613?
6
What is the ten thousands digit of 1655699?
5
What is the units digit of 150264?
4
What is the millions digit of 4385540?
4
What is the thousands digit of 904058?
4
What is the ten thousands digit of 3904913?
0
What is the hundred thousands digit of 474261?
4
What is the hundreds digit of 48973?
9
What is the hundreds digit of 139334?
3
What is the units digit of 10891582?
2
What is the hundreds digit of 2536284?
2
What is the units digit of 577118?
8
What is the ten thousands digit of 464757?
6
What is the units digit of 300073?
3
What is the ten thousands digit of 92250?
9
What is the tens digit of 975167?
6
What is the hundreds digit of 866175?
1
What is the ten thousands digit of 2547128?
4
What is the hundred thousands digit of 184258?
1
What is the tens digit of 2984618?
1
What is the thousands digit of 14813615?
3
What is the ten thousands digit of 23702752?
0
What is the millions digit of 1798773?
1
What is the tens digit of 2269870?
7
What is the hundreds digit of 1042055?
0
What is the units digit of 1805558?
8
What is the hundreds digit of 5086128?
1
What is the thousands digit of 1275060?
5
What is the ten thousands digit of 3336988?
3
What is the tens digit of 5946775?
7
What is the hundred thousands digit of 1539716?
5
What is the thousands digit of 174486?
4
What is the hundreds digit of 326460?
4
What is the hundreds digit of 20589178?
1
What is the millions digit of 6475629?
6
What is the tens digit of 19904329?
2
What is the hundred thousands digit of 1594898?
5
What is the hundreds digit of 719160?
1
What is the tens digit of 739545?
4
What is the tens digit of 5888477?
7
What is the ten thousands digit of 1589215?
8
What is the ten thousands digit of 1045245?
4
What is the hundred thousands digit of 5837913?
8
What is the millions digit of 3557667?
3
What is the tens digit of 1744184?
8
What is the hundred thousands digit of 197616?
1
What is the tens digit of 632233?
3
What is the tens digit of 535928?
2
What is the hundred thousands digit of 1360820?
3
What is the units digit of 515398?
8
What is the ten millions digit of 23477094?
2
What is the hundreds digit of 8729602?
6
What is the thousands digit of 188922?
8
What is the hundred thousands digit of 16320037?
3
What is the units digit of 6051840?
0
What is the hundreds digit of 7791144?
1
What is the hundred thousands digit of 860047?
8
What is the thousands digit of 856321?
6
What is the tens digit of 7963577?
7
What is the hundreds digit of 464479?
4
What is the hundreds digit of 125490?
4
What is the units digit of 3103402?
2
What is the units digit of 1553211?
1
What is the tens digit of 14213546?
4
What is the tens digit of 5706001?
0
What is the hundred thousands digit of 6058860?
0
What is the tens digit of 1596390?
9
What is the hundred thousands digit of 832465?
8
What is the hundred thousands digit of 2661506?
6
What is the thousands digit of 3357139?
7
What is the ten thousands digit of 30089354?
8
What is the ten thousands digit of 694235?
9
What is the ten thousands digit of 99027?
9
What is the ten thousands digit of 157562?
5
What is the hundreds digit of 986867?
8
What is the tens digit of 731314?
1
What is the thousands digit of 4206035?
6
What is the tens digit of 1657529?
2
What is the hundreds digit of 11789963?
9
What is the ten thousands digit of 3170111?
7
What is the units digit of 2382024?
4
What is the thousands digit of 4156566?
6
What is the hundred thousands digit of 39918069?
9
What is the hundreds digit of 687542?
5
What is the ten thousands digit of 1020648?
2
What is the tens digit of 134267?
6
What is the thousands digit of 223557?
3
What is the hundreds digit of 799583?
5
What is the units digit of 4861344?
4
What is the units digit of 855973?
3
What is the tens digit of 1090430?
3
What is the millions digit of 34053493?
4
What is the thousands digit of 30971855?
1
What is the hundreds digit of 371766?
7
What is the hundred thousands digit of 389042?
3
What is the thousands digit of 183546?
3
What is the tens digit of 572047?
4
What is the hundreds digit of 10997062?
0
What is the millions digit of 1405289?
1
What is the tens digit of 2026900?
0
What is the thousands digit of 14464?
4
What is the units digit of 1502987?
7
What is the hundreds digit of 16029690?
6
What is the hundreds digit of 2547490?
4
What is the hundreds digit of 1410114?
1
What is the thousands digit of 1344877?
4
What is the thousands digit of 216854?
6
What is the tens digit of 39427?
2
What is the millions digit of 1451995?
1
What is the millions digit of 11290553?
1
What is the units digit of 16473375?
5
What is the ten thousands digit of 1847308?
4
What is the units digit of 7017772?
2
What is the millions digit of 2582444?
2
What is the units digit of 1215489?
9
What is the millions digit of 9562366?
9
What is the hundreds digit of 10357076?
0
What is the hundreds digit of 487210?
2
What is the units digit of 27495302?
2
What is the millions digit of 2212997?
2
What is the hundred thousands digit of 5600322?
6
What is the thousands digit of 370877?
0
What is the ten thousands digit of 943657?
4
What is the ten thousands digit of 25949050?
4
What is the tens digit of 58395?
9
What is the hundred thousands digit of 839029?
8
What is the thousands digit of 10063724?
3
What is the tens digit of 1484902?
0
What is the hundreds digit of 30956?
9
What is the hundreds digit of 5474631?
6
What is the millions digit of 1245030?
1
What is the ten thousands digit of 2934266?
3
What is the ten thousands digit of 3594868?
9
What is the hundred thousands digit of 821250?
8
What is the millions digit of 2612765?
2
What is the thousands digit of 8803110?
3
What is the millions digit of 1038083?
1
What is the units digit of 4822524?
4
What is the millions digit of 3418001?
3
What is the hundreds digit of 1278924?
9
What is the thousands digit of 6692814?
2
What is the hundred thousands digit of 4000271?
0
What is the thousands digit of 257599?
7
What is the thousands digit of 192854?
2
What is the tens digit of 357529?
2
What is the units digit of 4485679?
9
What is the units digit of 2055446?
6
What is the tens digit of 40599?
9
What is the units digit of 1792361?
1
What is the units digit of 236535?
5
What is the thousands digit of 269174?
9
What is the ten thousands digit of 17110449?
1
What is the hundred thousands digit of 12332855?
3
What is the thousands digit of 396593?
6
What is the tens digit of 882597?
9
What is the tens digit of 1500921?
2
What is the ten thousands digit of 10949759?
4
What is the tens digit of 3151223?
2
What is the tens digit of 225435?
3
What is the millions digit of 6719756?
6
What is the tens digit of 11381331?
3
What is the millions digit of 8447671?
8
What is the thousands digit of 36528?
6
What is the tens digit of 306325?
2
What is the units digit of 12842903?
3
What is the thousands digit of 234143?
4
What is the ten thousands digit of 16608011?
0
What is the thousands digit of 264775?
4
What is the hundreds digit of 44590?
5
What is the tens digit of 9704088?
8
What is the units digit of 4662416?
6
What is the hundreds digit of 418559?
5
What is the thousands digit of 549215?
9
What is the thousands digit of 1053113?
3
What is the ten thousands digit of 135525?
3
What is the hundred thousands digit of 140716?
1
What is the hundred thousands digit of 4334982?
3
What is the ten thousands digit of 4856191?
5
What is the hundreds digit of 37054?
0
What is the tens digit of 747143?
4
What is the tens digit of 239676?
7
What is the millions digit of 7378355?
7
What is the units digit of 271035?
5
What is the ten thousands digit of 4353628?
5
What is the hundreds digit of 447095?
0
What is the hundred thousands digit of 338579?
3
What is the tens digit of 8877271?
7
What is the thousands digit of 629833?
9
What is the hundreds digit of 3834391?
3
What is the tens digit of 96424